/2)*r. Calculate u(w).
1
Let q(o) = 2*o**2 - 2 + 0*o**2 + 4 - 4*o - o**3. Let w(u) = u. Suppose 3*b = 5*b - 4. Let n be w(b). Calculate q(n).
-6
Let a(c) = -38*c**2 - 6*c + 8. Let b(d) = -13*d**2 - 2*d + 3. Let g(k) = 4*a(k) - 11*b(k). Suppose -q - 26 = -5*h, -2 = -q - 3*h + 12. What is g(q)?
-8
Let l(h) = h - 4. Let o be l(6). Let b(a) = a**o + a**3 + 4*a - 2 - 3*a + 5. Suppose 0 = 6*d - d. What is b(d)?
3
Let k(z) = -3 + 2*z**2 + 2 + 2 - 7*z**2. Let p(m) = -2*m**2 + 3*m + 1. Let b be p(3). Let x be 2/b - (-9)/(-12). Calculate k(x).
-4
Let v = -53 - -47. Let b(x) = 3*x + 9. Calculate b(v).
-9
Let d(x) = -5*x. Suppose 2*y + 3*a - 18 = 0, 0 = -0*y + 5*y - a - 11. Suppose 3*v + y = 6. Determine d(v).
-5
Let h(d) = -8*d - 4 + 20 - 2 + d**2 - 7. Give h(8).
7
Let r(x) = -5*x**3 - x**2 + x - 1. Let q(g) = -6*g**3 + 2*g - 2. Let p(v) = 4*q(v) - 5*r(v). Calculate p(-3).
6
Let z = 20 - 11. Let j(q) = 7 - 7 - z*q. Suppose 0 = 3*d + 1 - 4. What is j(d)?
-9
Let m(y) = y - 10. Suppose 0 = 2*i - 1 - 7. Suppose -2*q = -3*r - 20, 31 - i = 3*q - 3*r. Give m(q).
-3
Suppose -2*n + 0 - 2 = 0. Let r(s) = s + 2. Let h(x) = -x + 1. Let v(a) = -3*h(a) + 2*r(a). What is v(n)?
-4
Let v(g) = -2*g - 5. Let i be (4/3)/((-3)/9). Let b be v(i). Let s(z) = -z**2 + 2*z + 3. Determine s(b).
0
Let s be ((21/2)/(-7))/(9/(-18)). Let w(k) be the first derivative of -k**2/2 - k + 1. Calculate w(s).
-4
Let o(f) be the third derivative of 1/20*f**5 + f**2 + 5/24*f**4 + 0*f - 1/6*f**3 - 1/120*f**6 + 0. Suppose -4*y + 5 = -11. What is o(y)?
3
Let s(m) = -m**2 + 5*m + 3. Let l = 58 - 53. Give s(l).
3
Let j(o) = -5*o**3 + 2*o**2 - 1. Suppose -5*v - 3 = 2. Let s be (-2)/(-3) + 2/(-3). Let h = v - s. What is j(h)?
6
Let i = 0 + 5. Let r(c) = -9 + 11 + i*c**2 - 3. Calculate r(-1).
4
Let b(a) = a**2 + 3*a + 2. Let l(d) = d - 3. Suppose -3*w - w - 4 = -5*p, 2*p = 4*w + 4. Let q be l(p). Determine b(q).
2
Suppose 17*l - 37 = 48. Let s(b) = b**3 - 6*b**2 + 8*b - 5. Calculate s(l).
10
Let g(q) be the third derivative of q**5/60 + 7*q**4/24 - q**3 - 2*q**2. Let a be g(-6). Let s be (-3)/5 + a/5. Let c(v) = -3*v - 3. What is c(s)?
6
Let p(s) = -s**2 + 8*s - 5. Let w = -18 + 25. Give p(w).
2
Let s(q) be the second derivative of -q**5/4 + q**4/12 - q**3/6 - q**2/2 + 2*q. Let m be (-10)/6 - (-4)/6. Give s(m).
6
Let h(n) = -3*n - 27. Let a(p) = -p - 9. Let o(k) = 11*a(k) - 4*h(k). What is o(-6)?
3
Let p(c) = -c**2 + 1. Let h be p(-2). Let o(n) = -4*n**2 + n - 6. Let d(f) = f**2 + 1. Let x(i) = -5*d(i) - o(i). What is x(h)?
-5
Let s(n) = 11*n**3 + 2*n**2 + 4*n + 1. Let q(z) = 33*z**3 + 7*z**2 + 14*z + 4. Let u(r) = 2*q(r) - 7*s(r). Calculate u(1).
-10
Let g(c) = 2*c - 6. Let q(r) = -r**3 + 8*r**2 - 7*r + 4. Let u be q(7). Calculate g(u).
2
Let g(x) = -x**2 + 6*x + 4. Let b be ((-9)/5)/((-9)/30). What is g(b)?
4
Let x(u) = -5*u**2 + 2*u + 4. Let c(m) = 14*m**2 - 6*m - 12. Let p(s) = 4*c(s) + 11*x(s). Determine p(5).
11
Let a(k) = 0 + 4 + 2*k + 1 - k. Let t be a(-9). Let b(v) = -3 - 7*v + 14*v + v**2 + 9. Give b(t).
-6
Let a(i) = i**3 - 3*i**2 + 3*i - 3. Suppose 3*u = 2*u + 5. Suppose -3*y = 2*x - 6 - 1, -12 = -u*x - 2*y. Calculate a(x).
-1
Let j(m) = 3*m**3 - 6*m**2 + 4*m - 5. Let o(y) = 3*y**3 - 7*y**2 + 4*y - 6. Let c(u) = -4*j(u) + 3*o(u). Determine c(2).
-18
Let f(b) = b**2 - 6*b + 3. Let u(z) = 2*z**2 - 13*z + 6. Let c(r) = -5*f(r) + 2*u(r). Give c(4).
-3
Let l = -11 + 15. Let t(w) = -3*w - 5. Let c(g) = -1. Let o(u) = 2*c(u) - t(u). Let i(n) = n + 2. Let v(y) = 9*i(y) - 4*o(y). Determine v(l).
-6
Let l(t) = t**3 - 4*t**2 + 2*t + 7. Let a(k) = -k - 1. Let n(c) = 3*a(c) + l(c). Give n(4).
0
Let m(k) be the first derivative of k**3/3 + 3*k**2 - 5*k + 3. Determine m(-4).
-13
Suppose 6*x = 3*x - 3*k - 12, 5*x + 52 = 3*k. Let y = 13 + x. Let w(n) = 2*n - 9. Let r(q) = -q + 4. Let j(h) = 5*r(h) + 2*w(h). What is j(y)?
-3
Let w(s) = -s**3 + 3*s**2 - 3*s + 3. Let p(b) = -b**2 + b. Let j(u) = -5*p(u) - w(u). Calculate j(-3).
-6
Let f(w) = 4*w. Let n be f(5). Suppose -6*v + v = -n. Let a(j) be the first derivative of -j**3/3 + 3*j**2/2 + 2*j + 1. Give a(v).
-2
Let i be 1/4 + (-60)/(-16). Let o(z) = -2*z + z - 2*z + 2*z. Give o(i).
-4
Let h(n) = 3 + 5*n**2 + n**3 - 9*n - 4 + 2*n. Let q be ((-12)/10)/((-26)/(-5) - 5). Give h(q).
5
Let r = 2 - 4. Let n be r/3 + (-24)/(-9). Suppose -3*m - n*m + 20 = 0. Let s(o) = o**2 - 2*o - 2. Give s(m).
6
Let k(b) = -3*b - 32. Let z be k(-11). Let j(w) = 5*w**3. Give j(z).
5
Let g(k) = -2*k**2 - 2*k + 2. Let a be g(-2). Let w be (16/2)/(-2) - a. Let j(i) be the second derivative of -i**3/3 - i**2/2 + 2*i. What is j(w)?
3
Suppose -5*y = -2*q + 16, 2*q + 5*y = -5 + 1. Let k = -3 + 5. Let b(g) = -4*g**k - 2*g + 6*g**2 + 2 - g**2. Calculate b(q).
5
Let n(h) = 0*h + 4*h**2 + 0*h**3 + h**3 - 3*h + 7. Give n(-5).
-3
Let b(h) = -h**2 + h - 1. Let z be (-1 + 1)/(12 - 11). What is b(z)?
-1
Let w(c) = c**3 - 4*c**2 + 2*c + 1. Let b = 1 - -3. What is w(b)?
9
Let p(l) = -2*l + 5*l**2 + 7*l + 4*l**2 - 10*l**2 - 1. Give p(5).
-1
Let y(a) = -a**3 - 8*a**2 + a + 9. Let v be y(-8). Let q(f) = -v - 2 + f + 6 - 5. Suppose 0 = 5*s - 4*b - 40, 4*s + b = -0*s + 11. Calculate q(s).
2
Let q(c) = c - 1. Let y = 35 - 29. Determine q(y).
5
Let p be 4/6 + (-6)/9 - 5. Let d(t) be the second derivative of -t**3/6 - 3*t**2/2 + t. Give d(p).
2
Let h(b) = 6*b. Let m be 24/16 - 3/2. Let k(f) = -f - 1. Let t be k(m). What is h(t)?
-6
Let s be 2 + 1 + (1 - 2). Let k(n) = -8*n + 3. Determine k(s).
-13
Let y(r) = r. Let f be 1/((-2)/2)*5. Calculate y(f).
-5
Let s(d) be the first derivative of -d**4/4 - d**3 + 3*d**2 + 3*d - 1. Let w be ((-1)/4)/(-1) + (-34)/8. Give s(w).
-5
Let v(j) be the third derivative of -j**4/6 + 4*j**3/3 - 56*j**2. Give v(6).
-16
Let k(v) = -6 + 3*v - 4*v**2 + 3*v**2 + 2*v + 9. Calculate k(5).
3
Let o(m) = 4*m**2 - 2*m - 2. Let a(p) = 11*p**2 - 6*p - 6. Let f(g) = -3*a(g) + 8*o(g). Calculate f(5).
-13
Let r(i) = 2*i**2 + 5*i - 6. Let y(p) = -p**2 + p + 1. Let a(v) = -r(v) - 3*y(v). Calculate a(6).
-9
Suppose z = -3*z. Let d = z + 2. Let v(j) = -4 + 5*j - d*j - 2*j + 2. Determine v(2).
0
Let n(i) = -8 - 6*i**2 + i + 8. Let r = 8 - 7. Calculate n(r).
-5
Let l(x) = 4*x + 4 - 6*x - 2*x + x. What is l(4)?
-8
Let y be (-2)/(-7) - (-26)/7. Let s(g) = g**2 - 6*g + 5. Let c be s(y). Let x(n) = n**2 + n - 3. Give x(c).
3
Suppose 0 = 3*x + 4*g - 1 + 11, 4*x - 28 = 5*g. Let h(o) = -3 - 6*o**2 + 5*o**2 + 0*o**x + 2 + o. Give h(-2).
-7
Suppose 2*o - 4 + 14 = 0. Let f(w) = -w**3 - 5*w**2 + 3*w. Let s be 3/(-6) - (-10)/4. Let b(i) = i**3 + 5*i**2 - 2*i. Let l(t) = s*f(t) + 3*b(t). What is l(o)?
0
Let r(s) = 3*s**2 + 2*s. Let f(g) = -10*g**2 - 7*g. Let t(d) = 2*f(d) + 7*r(d). Give t(0).
0
Let n be 1 + -3 + (1 - 0). Let i(g) be the first derivative of -5/2*g**2 + 0*g + 3. What is i(n)?
5
Let p(w) = -w**2 - 2*w - 2. Suppose 0 = 2*d - 28 - 20. Suppose d = -4*x + 3*l, -2*x + 3*l + l = 22. Give p(x).
-5
Suppose 13 = -2*v + 25. Let a(f) = 2 + f - v*f - 2*f**2 + 3*f**2. Determine a(5).
2
Let f(z) = -2*z**2 - z - 5. Let j(b) = -b**2 - 2. Let s(a) = 6*f(a) - 13*j(a). Calculate s(5).
-9
Suppose 5*o - 41 = -1. Suppose -4*p + 20 - o = 0. Let l(y) = -y**2 + 3*y + 10. Let h(g) = 2*g**2 - 6*g - 19. Let a(i) = -6*h(i) - 11*l(i). Give a(p).
4
Let a(q) be the second derivative of q**4/12 + q**3/6 - 2*q**2 - 5*q. Let g be a(-3). Let s(w) = 2*w**2 - w - 1. Determine s(g).
5
Let i(t) be the first derivative of t**4/12 - 3*t**2/2 + 7*t + 6. Let j(w) be the first derivative of i(w). Determine j(-3).
6
Let m(x) = -x + 2*x - 3 + 12*x. Give m(2).
23
Let b(v) = v**3 - 8*v**2 + 7*v + 3. Let h(i) = i**3 - i**2 + 3. Let o be h(0). Suppose -23 = -o*c - 2. Determine b(c).
3
Let i = -4 + 0. Let w(d) = d + 12. Let z(q) = -q - 11. Let k(c) = -5*w(c) - 6*z(c). Calculate k(i).
2
Let l(z) = 2*z**2 - z. Let i = -5 - -7. Determine l(i).
6
Suppose 2*a - 2*y = a, 0 = 4*a - 4*y - 8. Suppose -3*d + 4*q = 6 + 4, a*d + 3*q = -5. Let m(v) = v**3 - 2*v**2 - 4*v - 2. What is m(d)?
-10
Let p(o) be the first derivative of -o**3/3 - 9*o**2/2 + o - 52. What is p(-8)?
9
Let q(h) = 3*h**3 - h**2 - h - 1. Let n be (-4)/10 + 7/5 + 1. What is q(n)?
17
Let i(y) = -2*y**2 + 2. Let h = -8 - -7. Let l(v) = v**2 - 1. Let z be l(2). Let g be h - (-3)/(z/(-1)). What